24)*r?
2
Suppose -3*u + 18*i = 13*i - 24, -6 = 2*i. Suppose -u*q + 710 = -17*c + 18*c, 2*c = -2*q + 1408. What is the units digit of c?
1
Let z(w) = -9014*w + 624. What is the units digit of z(-2)?
2
Suppose 43*z - 533343 - 1077867 = 0. What is the thousands digit of z?
7
What is the thousands digit of (55/((-4125)/1380))/((-3)/4035)?
4
What is the thousands digit of 14828684/312 - 15/18?
7
Suppose 165*q + 47*q - 757052 = 0. What is the hundreds digit of q?
5
Let r(f) = -533*f**3 - 55 - 1109*f**3 - 3*f + f - 2*f**2 + 56. What is the tens digit of r(-1)?
4
Let v be 1/(-4) + 7/28. Suppose v = -4*u + 6 + 10. Suppose -5*l + 4*g = -216 - 281, -2*l + u*g + 206 = 0. What is the tens digit of l?
9
Let t be ((-2)/(-1) - 2)/(-3) - 0. Suppose t = 7*i - 2*i + 5. What is the units digit of 0/i + 284/4?
1
Let l(j) = j - 6. Let h be l(6). Let o(z) = -3*z**2 + 0*z**2 - 4*z**2 + 5*z**2 + 102. What is the units digit of o(h)?
2
Let x be (-1)/2*-4 + 2. Suppose -2*c + m - 4 = -4*c, m = 2*c - 4. Suppose c*z - 624 = -x*z. What is the units digit of z?
4
Let p(a) = -7*a**2 - 4*a - 3. Let x be p(-3). Let s be (-52)/39*(4956/(-8))/(-7). Let l = x - s. What is the tens digit of l?
6
Let c = -9 - -16. Let i(u) be the third derivative of u**5/30 + u**4/8 - 13*u**3/6 - 72*u**2 + 2*u. What is the tens digit of i(c)?
0
Let r(k) be the second derivative of k**4/12 - 4*k**3/3 + 24*k**2 - k + 1. What is the tens digit of r(20)?
8
Suppose -1835 = 5*q + 4*i, i - 1845 = 5*q + 3*i. Let y = -209 - q. What is the hundreds digit of y?
1
Let s = 15781 + 672. What is the ten thousands digit of s?
1
What is the tens digit of 0 + (-2110)/(-26) - 12/(-390)*-5?
8
Suppose 2*h + 14 = 0, 3*h = -4*o + 32933 + 104810. What is the hundreds digit of o?
4
Let b(w) = 2*w**2 + 133*w + 166. Let l(r) = -r**2 - 66*r - 82. Let i(f) = -6*b(f) - 11*l(f). What is the hundreds digit of i(-38)?
1
Suppose 2*k + 8620 = 5*b, -5*k + 3438 + 1734 = 3*b. What is the hundreds digit of b?
7
Let l = 1195 - 1924. Let k = l - -1049. Suppose k - 1355 = -9*x. What is the units digit of x?
5
Let n = -589 - -653. Suppose 45310 - 15998 = n*j. What is the tens digit of j?
5
Let d(a) = -2*a**3 + 14*a**2 + 9. Let u be d(7). Suppose 19*n = u*n + 2460. What is the units digit of n?
6
Let a(t) = 242*t - 837. What is the tens digit of a(29)?
8
Let h(f) = 13*f + 2. Let w be h(5). Let q = -245 + 244. Let x = q + w. What is the tens digit of x?
6
Let s = 145 + -139. Suppose 824 = 3*d - 4*x + s*x, -d + 5*x + 269 = 0. What is the hundreds digit of d?
2
Let k(r) = 65*r - 94. Suppose 3*o - m - 14 = -6*m, -o + m = -18. What is the units digit of k(o)?
1
Let g(n) = n**3 - 6*n**2 + 2*n + 12. Let p be g(4). Let x be (-27)/(-3) + p/4. Let w(a) = 6*a**2 - 10*a + 15. What is the tens digit of w(x)?
7
Let k(q) = q + 4. Let p be k(-2). Suppose 5*a = 0, -2*f - 5 = -3*f - p*a. Suppose -98 = -2*m + 5*l, -f*l + 147 = m + 2*m. What is the units digit of m?
9
Let i(a) = -a**3 + a**2 - 53*a + 3956. What is the tens digit of i(0)?
5
Let y = -43 + 266. Let b = 102 + y. What is the hundreds digit of b?
3
Let i = -1069 + 515. Let x = i - -1966. What is the thousands digit of x?
1
Suppose 8*h + 144 = -16. Let m be 4/(-3)*1110/h. Suppose -5*g = 2*j - 0*j - 145, g - m = -j. What is the units digit of j?
5
Suppose q - 2*w = -3*q + 132, 4*w + 72 = 2*q. Suppose 0 = -38*r + q*r + 1776. What is the tens digit of r?
9
Suppose 5*m = -4*o, 4*o - 4*m - 36 = -0. Let n be -7*2*11/(-2). Suppose 3*l - i = 100, o*l + 2*i = 251 - n. What is the units digit of l?
4
Let l = 208 - 203. Suppose -l*t = 3*v - 757, -452 = -4*t + t - 4*v. What is the units digit of t?
2
Suppose -5*r + 24610 - 960 = 4*i, 17730 = 3*i + 5*r. What is the hundreds digit of i?
9
Let j = 475 + -150. Let i = j - -170. What is the units digit of i?
5
Let i = 7800 + 16463. What is the thousands digit of i?
4
Let l(t) = -4*t - 2. Let m(v) = -3*v - 1. Let g(p) = 5*l(p) - 4*m(p). Let s = 21 + -35. What is the hundreds digit of g(s)?
1
Suppose -25 = -37*b + 123. Suppose 0 = -3*m, 20*m - 19*m = -b*s + 1376. What is the tens digit of s?
4
Let s = -191 - -334. Let w = s - 140. What is the units digit of w?
3
Let z = 50 - 47. Suppose z*s - 4 = 7*s. What is the tens digit of (-1)/(s*4/264)?
6
Let c(p) = 13*p**2 - 9*p + 22. Let q be c(3). Let f = 557 - q. What is the tens digit of f?
4
Let i = -29910 - -49127. What is the hundreds digit of i?
2
Suppose -v - 8971 = 6*p - 9*p, -5*p - 2*v = -14937. What is the units digit of p?
9
Let t(i) = 511*i - 5278. What is the thousands digit of t(127)?
9
Suppose 98*b + 4*b - 257550 = 0. What is the units digit of b?
5
Let b(d) = -d**3 + 8*d**2 - 11*d - 5. Let p be b(5). Let a be 6/(-4) - (p/10)/3. What is the units digit of (-1)/2 - 159/a?
9
What is the tens digit of ((-12093)/(-6))/(-12 - 200/(-16))?
3
Let j be 937*(-5 + -5 + 3 + 6). Let n = j + 1700. What is the units digit of n?
3
What is the thousands digit of (-7 - (-1355 + -4)) + (0 - -21)/(-3)?
1
Let p(a) = 9*a**2 + 45*a + 804. What is the hundreds digit of p(-37)?
4
Suppose -95*u + 1329892 = -2491388. What is the units digit of u?
4
Let z(j) = 10683*j - 1431. What is the ten thousands digit of z(4)?
4
Let l(v) = v**3 - 11*v**2 + 17*v + 20. Let c(i) = 6 + 3*i**2 + 2311*i - 2306*i - 4*i**2. Let p be c(4). What is the tens digit of l(p)?
9
Suppose 4*p + 5*p - 945 = 0. Suppose -10*m + p = -355. What is the tens digit of m?
4
Let s be ((-9)/12)/((-3)/(-144)). Let w = s - -30. What is the units digit of ((-726)/44)/(w/8)?
2
Let x(d) be the first derivative of -2*d**2 - 11*d - 19. Let u be x(-4). Suppose -4*h = -0*g - g - 627, u*h - g - 785 = 0. What is the units digit of h?
8
Suppose g = 4*w + 9770 + 2703, -g = 4*w - 12465. What is the ten thousands digit of g?
1
Let w = -4 - -10. Suppose 2*l + w*y = 5*y + 5, l = 2*y + 5. Suppose 0 = u - l*u + 2, 61 = 2*i - 5*u. What is the tens digit of i?
3
Suppose 0 = 28*v - 619 + 21143. Let n = 195 - v. What is the hundreds digit of n?
9
Suppose -t = 6*t - 385. Suppose 0 = 36*i - 12*i + 1200. Let v = t + i. What is the units digit of v?
5
What is the ten thousands digit of (-6775155)/(-81) - 32/36?
8
Let f = 16 - 16. Let l(p) = -p**3 - p + 14. Let g be l(f). Suppose 10*o - g*o = -312. What is the units digit of o?
8
Suppose 4*w = -4*p - 9224, -w + 3*p = -0*w + 2302. Let j = w + 3277. What is the units digit of j?
2
Let q be 11*(2/10 - 16/(-20)). Let n(u) = -21*u + 29 + q*u + 9*u. What is the units digit of n(-5)?
4
Let a = -57 - -55. What is the units digit of 577*((-16)/144)/(a/18)?
7
Suppose 0 = -83*g + 4323499 + 146134. What is the units digit of g?
1
Suppose -2*q - 7700 = 3*q. Let l = -890 - q. What is the tens digit of l?
5
Suppose 504*d + 125076 = 525*d. What is the tens digit of d?
5
Let j be ((-36)/8)/3*28/21. Suppose -d = -2*d + 2*y - 1418, -3*y = -2*d - 2837. What is the hundreds digit of (j/1)/(-3 + d/(-476))?
1
Let i(p) = p**3 + p**2 - p. Let z be i(0). Suppose z*u + 6*u = -3*u. Suppose u = -10*l - 2*l + 2796. What is the tens digit of l?
3
Let p(u) = -3*u**2 + 13*u + 31. Let w(o) = o**3 - 4*o**2 + 13*o + 32. Let j(h) = 3*p(h) - 2*w(h). What is the hundreds digit of j(-7)?
5
Let g = 1521 + -881. Suppose 20*z = -0*z + 180. What is the tens digit of (g/(-12))/(-5)*z?
9
What is the tens digit of ((-4302)/(-12))/(9/210)?
6
Let x = 85 + -83. Suppose -5*f - 423 = -x*r, 3*r - 2*f + f = 615. What is the hundreds digit of r?
2
Let g(m) = 108*m - 376. What is the tens digit of g(7)?
8
Let n(c) = 671*c**2 - 6*c + 28. What is the units digit of n(5)?
3
Suppose 0 = 4*l - 2*r - 1998, 806 = 4*l + r - 1195. Suppose l = 2*t - 774. What is the tens digit of t?
3
Let v = 69110 - 39186. What is the hundreds digit of v?
9
Let n = 5425 - 3429. Suppose 5880 = 11*b - n. What is the tens digit of b?
1
Suppose 0 = 4*g - 16, a + 4*a - 3*g = 48. Let w = 342 - 376. Let j = a - w. What is the tens digit of j?
4
Let x be 3 + (0/(-3))/(-2). Suppose -15*b + 2924 = -451. Suppose -345 = -x*d + p, -d - b = -3*d - p. What is the hundreds digit of d?
1
Let a(r) = 2*r**2 + r + 5. Let c be a(-16). Suppose 0 = 12*y - 15*y + c. Suppose -2*l + y = -21. What is the units digit of l?
4
Let g be 1318*8/((-96)/(-114)). Suppose 8*b - g = -11*b. What is the tens digit of b?
5
Let a = -82 + 90. Let m be (-14)/a*24/(-3). Suppo